 + -10?
12020222
In base 4, what is 21 + -10213?
-10132
In base 4, what is -112 - -11101?
10323
In base 5, what is -332 + 140?
-142
In base 11, what is -141 - 5?
-146
In base 14, what is d - -10?
1d
In base 5, what is -2 - 1220?
-1222
In base 10, what is 213 + 11?
224
In base 13, what is -3 + -134?
-137
In base 15, what is -14 - a6?
-ba
In base 10, what is 0 - 5?
-5
In base 6, what is 2 + -323?
-321
In base 3, what is 12 - 10121022?
-10121010
In base 6, what is -2322 - -3?
-2315
In base 4, what is -12020 + 3?
-12011
In base 14, what is -1 - -b?
a
In base 8, what is 126 - -65?
213
In base 2, what is 100 + -1001011?
-1000111
In base 13, what is 6 + 23?
29
In base 7, what is 11641 + 1?
11642
In base 14, what is 2b + -7?
24
In base 14, what is 18 - -4?
1c
In base 5, what is 1032 - -3?
1040
In base 3, what is -102 - -112211?
112102
In base 2, what is -11 - -1100100010?
1100011111
In base 12, what is -97 + 34?
-63
In base 6, what is -4 + 40?
32
In base 13, what is -51 + -2?
-53
In base 13, what is -806 + -9?
-812
In base 11, what is -28 + -399?
-416
In base 12, what is 1 + -a27?
-a26
In base 13, what is -2 + 99?
97
In base 14, what is -3c - -78?
3a
In base 14, what is 4 - 22?
-1c
In base 4, what is 31 + 11233?
11330
In base 8, what is -3772 - 5?
-3777
In base 3, what is 222101201 - 11?
222101120
In base 8, what is 14 + -16?
-2
In base 12, what is 0 - 604?
-604
In base 13, what is 0 - 8c6?
-8c6
In base 14, what is -4 + 1d4?
1d0
In base 16, what is 42 + 15?
57
In base 14, what is -9 + -38?
-43
In base 6, what is 40 - 3?
33
In base 14, what is 6 + -4?
2
In base 11, what is -4 + -a?
-13
In base 11, what is -8 + 41?
34
In base 9, what is -8 + 71?
62
In base 16, what is -5 - -849?
844
In base 7, what is 323 + 1?
324
In base 15, what is 268 + 1?
269
In base 13, what is -2 + 11?
c
In base 8, what is 11662 + -5?
11655
In base 3, what is 11 - -11221?
12002
In base 4, what is -11 - -302?
231
In base 6, what is -423 + 15?
-404
In base 4, what is -10 + -321?
-331
In base 16, what is -1 + 31?
30
In base 13, what is -1 + 21?
20
In base 11, what is -839 + -1?
-83a
In base 9, what is 2 - -31?
33
In base 8, what is -1 - -311?
310
In base 10, what is -3 + -13?
-16
In base 14, what is -2 - -aac?
aaa
In base 2, what is -10 - 11110?
-100000
In base 10, what is -17764 - 2?
-17766
In base 8, what is 17 + 213?
232
In base 13, what is -c1 + 9?
-b5
In base 9, what is 551 - -38?
600
In base 6, what is 2 - -24?
30
In base 9, what is 24 + 0?
24
In base 4, what is 0 + -1331?
-1331
In base 14, what is -15 + 133?
11c
In base 10, what is -5883 - -4?
-5879
In base 8, what is -2 + -205?
-207
In base 3, what is 0 - 11?
-11
In base 2, what is -10000000 - 11?
-10000011
In base 11, what is -1 + 5a6?
5a5
In base 7, what is 125 + -12?
113
In base 12, what is 0 - -139?
139
In base 6, what is 324 - 4?
320
In base 4, what is -1211 - 3?
-1220
In base 9, what is -2 + 1221?
1218
In base 10, what is -149 + 11?
-138
In base 6, what is 12 - 31?
-15
In base 4, what is 31111 - -10?
31121
In base 2, what is 110 + -1100011?
-1011101
In base 13, what is 267 - 0?
267
In base 9, what is 632 - 0?
632
In base 5, what is 1014 - 2?
1012
In base 5, what is -111 + -3?
-114
In base 10, what is -1 - 113?
-114
In base 6, what is 4 + 313?
321
In base 14, what is 5 + 336?
33b
In base 16, what is e7 + 1?
e8
In base 5, what is 10 - -33?
43
In base 16, what is 131 + -2?
12f
In base 13, what is -4 + 38?
34
In base 2, what is 10 + 1110101?
1110111
In base 14, what is 14 - c4?
-b0
In base 4, what is -111 - 31001?
-31112
In base 8, what is 2574 + -4?
2570
In base 16, what is 21 - 2?
1f
In base 14, what is 0 - -62?
62
In base 6, what is 151 - -1?
152
In base 11, what is -1 + 984?
983
In base 9, what is 341 + 33?
374
In base 7, what is 142 + 33?
205
In base 2, what is -1010010001 - -11?
-1010001110
In base 15, what is -ba + 1a?
-a0
In base 14, what is 1 - 6cc?
-6cb
In base 11, what is -a + 0?
-a
In base 8, what is 3 + 5652?
5655
In base 3, what is 11202 - 21?
11111
In base 4, what is 0 - -22031?
22031
In base 8, what is -3 + -23?
-26
In base 16, what is 1a - -8?
22
In base 10, what is -110 + 69?
-41
In base 7, what is -5 + 6466?
6461
In base 10, what is -2 + -254?
-256
In base 8, what is 10721 + 1?
10722
In base 13, what is b20 - -13?
b33
In base 14, what is -8 + c?
4
In base 15, what is 3d02 - -3?
3d05
In base 2, what is -10011000000 - -10?
-10010111110
In base 6, what is -3 - 34?
-41
In base 9, what is -2641 + 4?
-2636
In base 7, what is -556 - 0?
-556
In base 11, what is -997 - -4?
-993
In base 16, what is -e - 1?
-f
In base 10, what is -3 - -3147?
3144
In base 14, what is -5 + -b2b?
-b32
In base 14, what is -5 + -1ad?
-1b4
In base 11, what is -55 + -3a?
-94
In base 16, what is -10 - 45?
-55
In base 12, what is 124 - 1?
123
In base 13, what is 3 - -77?
7a
In base 3, what is 1022 + 222?
2021
In base 3, what is 1001 + -12211?
-11210
In base 16, what is 1 - -156?
157
In base 9, what is 0 - 756?
-756
In base 7, what is -1 - -530?
526
In base 14, what is 4 + -25?
-21
In base 3, what is -11 - -1220101?
1220020
In base 9, what is 3 + 160?
163
In base 8, what is -211 + 2?
-207
In base 10, what is 8 - 420?
-412
In base 9, what is -71 - -2?
-68
In base 14, what is ab3 + 5?
ab8
In base 10, what is -4 - 212?
-216
In base 7, what is -122253 - -2?
-122251
In base 11, what is 3 + 239?
241
In base 16, what is -8 - -49?
41
In base 8, what is 117 + 130?
247
In base 12, what is 1590 + -3?
1589
In base 8, what is -2 - 3637?
-3641
In base 14, what is -15 - -7?
-c
In base 7, what is -2261 + 0?
-2261
In base 6, what is 2 - -114?
120
In base 11, what is 410 - 2?
409
In base 10, what is 447 + 1?
448
In base 4, what is -10 + 211?
201
In base 7, what is -505 + -3?
-511
In base 16, what is 2 - 7?
-5
In base 13, what is -2 - -819?
817
In base 10, what is -142 + -1?
-143
In base 5, what is 412303 + -3?
412300
In base 12, what is 4 + -128?
-124
In base 13, what is 65c - -b?
66a
In base 10, what is 8 + 17?
25
In base 8, what is -2 + -220?
-222
In base 15, what is -c36 + 5?
-c31
In base 8, what is 42 - 114?
-52
In base 7, what is 13532 - 5?
13524
In base 8, what is -1710 + 5?
-1703
In base 9, what is -4 - 850?
-854
In base 9, what is -4 + -730?
-734
In base 6, what is -123 + -2124?
-2251
In base 5, what is -30 - 4421?
-10001
In base 4, what is 3 - 1?
2
In base 3, what is 121112 - 1?
121111
In base 15, what is -3cb + -1?
-3cc
In base 7, what is -60 + 1121?
1031
In base 12, what is -4 - 12a8?
-12b0
In base 5, what is 14 - 0?
14
In base 4, what is -1013 - 2?
-1021
In base 12, what is 20 + 5?
25
In base 15, what is -31d - -7?
-316
In base 3, what is 2 - -22100?
22102
In base 11, what is -1a7 - -a9?
-a9
In base 15, what is -4 + 93?
8e
In base 9, what is -11068 - -4?
-11064
In base 4, what is 110122 - 11?
110111
In base 4, what is -10 - 0?
-10
In base 9, what is 4 - 52?
-47
In base 5, what is 1200 - -3?
1203
In base 15, what is -1a - 2?
-1c
In base 7, what is -4233 - 2?
-4235
In base 6, what is -1440 - 54?
-1534
In base 16, what is -2 + 85f?
85d
In base 14, what is -2 - -a?
8
In base 12, what is 583 + -20?
563
In base 16, what is -50 + 53?
3
In base 16, what is 5 - -6b6?
6bb
In base 12, what is -329 - -2?
-327
In base 15, what is 13 - -6?
19
In base 7, what is 2 + 1311?
1313
In base 4, what is -120 + 2110?
1330
In base 12, what is 1 + -181?
-180
In base 8, what is -166 + -24?
-212
In base 3, what is -2011 - 2?
-2020
In base 16, what is -b + 165?
15a
In base 7, what is -335 - 2?
-340
In base 11, what is 2 + -165?
-163
In base 9, what is 3117 + 0?
3117
In base 7, what is -1404 + 6?
-1365
In base 15, what is -be - -5?
-b9
In base 15, what is -361 + -7?
-368
In base 11, what is 3 - 29?
-26
In base 8, what is -732 - -2?
-730
In base 3, what is 11 - 1020011?
-1020000
In base 3, what is 0 + -211?
-211
In base 7, what is 25 + -6046?
-6021
In base 8, what is 43 - 24?
17
In base 9, what is 11 + 827?
838
In base 6, what is 21 + 1550?
2011
In base 15, what is caaa - 4?
caa6
In base 13, what is 3 + -c66?
-c63
In base 9, what is 17 + 55?
73
In base 16, what is -1c + 1fd?
1e1
In base 3, what is 0 - 10121?
-10121
In base 8, what is 27 - -17?
46
In base 14, what is 2 + -51?
-4d
In base 5, what is -3 - 21242?
-21300
In base 15, what is 4 + -29?
-25
In base 4, what is 123 - 